t d(v) = 2*v. Let z(s) = 3*s + 1. Let c(q) = -7*d(q) + 4*z(q). Let j = 9 + -5. Give c(j).
-4
Let w = -2 - -2. Let c(k) = -3*k - 4. Let o(y) = -16*y - 20. Let j(q) = 11*c(q) - 2*o(q). Determine j(w).
-4
Let c(u) = 3*u + 5*u**2 + 0 - 3*u - 1. Suppose -1 = -z - 0. Determine c(z).
4
Let b = 0 + -3. Let g(f) = 7*f + 2. Let o(k) be the second derivative of -29*k**3/6 - 7*k**2/2 - k. Let a(s) = 9*g(s) + 2*o(s). Give a(b).
-11
Let b(j) = -j**3 - j + 1. Let m(l) = 3*l**3 + 4*l**2 + l - 2. Let o be m(-1). Calculate b(o).
11
Let o be -1*(4 + (-33)/3). Let b(z) = z**2 - 8*z + 5. What is b(o)?
-2
Let l(t) = -9*t - 4*t - 3 + 17*t + t**2 - 2*t. Calculate l(-4).
5
Let a(m) be the first derivative of m**4/4 - 4*m**3/3 + 3*m**2/2 - 5*m - 7. Calculate a(4).
7
Let s(k) = -k**3 + 5*k**2 - 2*k - 4. Let a = 6 - 2. Suppose 2 = 2*z + 3*g, -5*g = -a*z - 2 + 28. Calculate s(z).
4
Let w(n) = -n**3 + 7*n**2 - 3*n + 7. Let z(a) = -5*a**3 + 36*a**2 - 16*a + 35. Let o(u) = -11*w(u) + 2*z(u). Give o(5).
-2
Let a(l) = -l**3 + 12*l**2 - 11*l + 3. Let z be a(11). Let q(p) = -p + 0*p + 0*p - z + 0*p. What is q(0)?
-3
Let k(q) = 3*q**2 - 2*q + 1. Let u(y) = -y**2 + 2*y - 7. Let w(p) = p**2 - p + 7. Let h(b) = -5*u(b) - 4*w(b). Let l be h(5). Determine k(l).
9
Suppose 41 = 3*x + 2*i, -2*x = 3*i - 11 - 18. Let l(o) = 7*o + x*o - 18*o + 6. Give l(-6).
-6
Let l(h) = -7*h**2 + 6. Let w(f) = -11*f**2 + 9. Let k(u) = 8*l(u) - 5*w(u). Calculate k(3).
-6
Let f(l) = -3*l - 2. Let r be (10 + -8)*-1*1. Determine f(r).
4
Let d(a) be the third derivative of -a**5/60 - 3*a**4/8 - 3*a**3/2 + 14*a**2. Calculate d(-8).
-1
Let v(c) = -c + 1. Let a = -5 + 7. Let q(g) = 1. Let b(y) = a*v(y) - 3*q(y). What is b(1)?
-3
Let r(g) = 3*g**2 + 2*g - 3. Let d(y) = y**2 + y. Let p(o) = -2*d(o) + r(o). Suppose -3*w = 5 + 4. Calculate p(w).
6
Let d = 2 + -7. Let m(z) = 2*z**3 + 7*z**2 + 2*z + 1. Let v(k) = 3*k**3 + 13*k**2 + 3*k + 1. Let q(b) = d*m(b) + 3*v(b). Give q(4).
-6
Let y(j) = j. Let o(t) = t. Let q(x) = -x. Let z be q(2). Let u(a) = z*o(a) - y(a). Let h be (-1 - -5)*(-5)/(-10). Determine u(h).
-6
Suppose -2*q + 1 = -v, -v - 2*q - 1 - 4 = 0. Let k(u) = -u + u + 3 + 2*u. Give k(v).
-3
Let l(s) = 1 + 3*s - 2 + 0. Let w be l(-1). Let a be 2 + (-3 - -2) - w. Let r(f) = f**3 - 4*f**2 - 6*f + 6. Determine r(a).
1
Let x(c) = 2*c - 2*c + 3*c + 5 - 6*c. Calculate x(4).
-7
Let l(m) = -10*m**3 + m + 1. Let s be (-17)/15 + 2/15. Determine l(s).
10
Let f(q) = q + 6. Let n be f(-11). Let h(r) = -r**2 - r + 2. Calculate h(n).
-18
Suppose -u - 2*t = 3*t - 15, 5*t + 5 = -5*u. Let g(b) = -2*b**3 - 4*b**2 - 2*b**2 - 3*b + b**3 - 2*b - 2. Give g(u).
-2
Let b(a) be the third derivative of -a**5/60 - a**4/24 + 4*a**2. Give b(-2).
-2
Let n be -3*1 - (10 + -8). Let y(t) = -t + 2 + 0 + 0. What is y(n)?
7
Let i(n) = n**2. Let b(t) be the first derivative of -t**4/12 + t**3 - t**2/2 + t - 1. Let o(u) be the first derivative of b(u). Let w be o(6). Give i(w).
1
Let j = 10 - 11. Let a(w) = 2*w - 7. Let o(d) = d - 3. Let z(b) = -2*a(b) + 5*o(b). Calculate z(j).
-2
Let o = 1 + 4. Suppose 48 = -o*n + 18. Let z(w) = -3 + w + 3 + 6. What is z(n)?
0
Suppose -2*c + 5*c = -9. Let x(g) be the third derivative of g**6/120 + g**5/60 - g**4/6 + 5*g**2. What is x(c)?
-6
Suppose -3*g - 3*i - 6 - 3 = 0, -19 = 5*g + i. Let z(a) = a**2 + a - 4. What is z(g)?
8
Let r(c) = -c**2 - 1. Let l(t) = -4*t**2 + 5*t - 9. Let v(j) = -l(j) + 3*r(j). Calculate v(5).
6
Let r(q) be the third derivative of -q**5/20 + q**3/3 + 3*q**2. Calculate r(-2).
-10
Let d(b) = b**3 - b**2 - 3*b + 8. Let t(g) = -2*g**3 + 3*g**2 + 7*g - 17. Let r(k) = 5*d(k) + 2*t(k). What is r(0)?
6
Let i(k) = k. Let m(z) = z + 1. Let d(a) = 4*i(a) - 5*m(a). What is d(0)?
-5
Let n(b) = -b**2 - 8*b - 7. Let f(k) = -k**2 + 17*k - 21. Let a be f(16). Determine n(a).
8
Let a(r) = 3*r - 2*r + r - 8 + 7 - 2*r**2 - 7*r**3. Determine a(1).
-8
Let a(k) = k + 4. Let n(c) = -c - 3. Let p be n(-8). Suppose 2*t - p = 4*y + 5, -3*t - 3 = 0. Calculate a(y).
1
Let r = -35 - -42. Let v(t) = -t**3 - 4*t**2 + 4. Let q be v(-4). Let x = r - q. Let s(l) = 3*l - 4. Determine s(x).
5
Let l(w) be the second derivative of -w**5/60 - 7*w**4/24 - w**2 - 2*w. Let q(p) be the first derivative of l(p). What is q(-5)?
10
Let l(c) be the second derivative of -c**8/6720 - c**7/840 + c**6/360 - c**5/60 + c**4/6 - c. Let r(t) be the third derivative of l(t). Determine r(-4).
6
Let n(f) = 140 - 140 + f - 11*f**2. Calculate n(1).
-10
Let p(s) = -2*s + 7. Let a(k) = k**2 - 7*k - 1. Let j be a(8). What is p(j)?
-7
Suppose -9*q - 7 = 11. Let u(f) = 8*f + 2. What is u(q)?
-14
Let r(p) = 4*p**3 - 2*p**2 + 2*p - 6. Let d(t) = -3*t**3 + t**2 - t + 5. Let o(a) = 3*d(a) + 2*r(a). Suppose 3*i = i. Give o(i).
3
Let k(g) = 2*g + g**3 - 6*g - 5*g + g**2 + 4*g**2 - 8. Suppose -4*y = 4*u + 20, y + 3*u + 1 = -2. Calculate k(y).
10
Let w(v) be the second derivative of v**4/12 + v**3/3 - 3*v**2/2 - v. Let m(c) = -c**3 - 5*c**2 + 6*c - 4. Let z = -17 + 11. Let x be m(z). Determine w(x).
5
Let b(c) = 3 + c + 0 + 0. Suppose 0 = 3*f - 4*f - 5. What is b(f)?
-2
Let q(b) = -2*b**2 - 5*b - 3. Suppose 5*l = 12*l + 21. Give q(l).
-6
Let j(g) = g**3 - 4*g**2 + 2*g + 1. Suppose -2*l = -l + 2. Let p be (-3)/l*112/12. Let w = -10 + p. Give j(w).
9
Let y(l) = -2*l**2 - 25 + 3*l**2 + 27 - 2*l**2. What is y(0)?
2
Suppose 0 = y + 3*y - 20. Suppose 5*i = 2*p - 20, -p - y*i - 15 = -2*p. Let f(o) = -o**3 + 5*o**2 + o + 1. Calculate f(p).
6
Let q(l) = 2*l**2 + 4. Suppose -3*u + 30 - 21 = 0. What is q(u)?
22
Let o(s) = 5*s**3 - s**2. Let v be o(1). Suppose -3*k + 17 = -2*t - 2*t, v*t + 5 = -k. Let i(p) = -p**2 + 3*p - 1. Calculate i(k).
-1
Let w be 3 - (4/2)/2. Let x(y) = 0*y**2 - 1 - 3*y + y**3 + 2*y**w + 0*y. Let u be ((-3)/4)/((-2)/(-8)). Determine x(u).
-1
Let l(k) = 2*k**2 + 3*k - 3*k**2 + k - 4 + 3*k. Calculate l(7).
-4
Let v(y) = -y**2 + 6*y - 4. Let x(t) = t**3 - 6*t**2 + 6. Let w be x(6). Suppose w - 1 = p. Give v(p).
1
Suppose 7*f - 6 = 4*f. Let l(h) = 2*h**2 - 2. What is l(f)?
6
Let h(a) = -a**2 - 17*a - 19. Let c be h(-16). Let z(r) be the third derivative of -r**5/30 - r**4/8 + r**3/6 - 3*r**2. Calculate z(c).
-8
Let m(g) = g - 1. Let y(w) = 5*w**3 + 4*w - 1. Let h(c) = -2*m(c) + y(c). Determine h(-1).
-6
Suppose 4 = 3*m - 2*m. Suppose -5*k + 7*a = 2*a - 50, -3*a = 5*k - 10. Let x(p) = k + 4*p - m*p + 2*p. Calculate x(-4).
-3
Let r(c) = -c**2 + 5*c - 2. Suppose 4 = 2*l + 2*l, -7 = -2*i + 5*l. Let o(b) = -b**2 + 4*b + 8. Let t be o(i). Let d be ((-5)/(-2))/((-2)/t). Determine r(d).
-2
Suppose 5*s - 2*a - 10 = 0, 0*a = s - 3*a - 15. Let j(t) = -t**3 - t - 8. Determine j(s).
-8
Let m(u) = 6*u - 1 + 88*u**2 - 87*u**2 + 0. Let l(t) be the second derivative of -t**3/3 + 9*t**2/2 + t. Let p be l(7). Calculate m(p).
-6
Let u(b) = 2*b**2 + b - 4*b**2 + 0 + 1 - 3*b**2. What is u(-1)?
-5
Suppose v + 8 = 10. Let u(l) = l**2 - 1 - 4*l + 3 + v*l. Suppose t = -2*p + 1 - 9, t = 3*p + 17. Give u(t).
2
Let i(d) = -2*d**2 + 3*d - 3. Suppose -14 = 2*c - 20. Determine i(c).
-12
Let h(r) = -r**2 - 8*r - 1. Let q be h(-7). Suppose 0 = -g + q*g + 20. Let k(j) = j**3 + 5*j**2 + 2*j - 2. Determine k(g).
6
Let c(b) be the third derivative of b**6/120 - b**5/10 + b**4/8 - 3*b**3/2 + 10*b**2. Give c(6).
9
Suppose -2*s = -5 - 7. Suppose -q = -4*x + 3*q + 4, 2*x + 2*q = -s. Let z(k) = -k - 3*k**3 - 2*k**2 + k**2 - 3*k**3. Give z(x).
6
Let g(u) = u**2 - 4*u + 3. Let r(a) = -a**3 - 5*a**2 - 3*a + 4. Let k be r(-4). Suppose k = 2*d + 8 + 2. Let q be (-6)/(-10) - 22/d. Determine g(q).
8
Let i be 1/(-2 - -1 - -2). Let l be (6 - i) + -1 + 0. Suppose -d + j = 6*j - 24, -4*j + 24 = -l*d. Let h(t) = 3*t. What is h(d)?
-3
Let c be 9/(-2)*(-2)/3. Suppose -5*r - 7 = -0*o - 2*o, 3*r = -c*o + 21. Suppose -2*q + 0 = -o. Let n(x) = -x**3 + 4*x**2 - 5*x + 4. Determine n(q).
-2
Suppose 16*s - 18 = -50. Let i(u) = u**3 + u**2 + 1. Let p(x) = -x**3 + 4*x. Let w(v) = 2*i(v) + p(v). Determine w(s).
-6
Let h(i) = 4 + 7*i + 2 - i**2 + 2. Give h(7).
8
Let y(u) = -4*u - 6. Let q be 10*((-4)/10)/(16/20). Give y(q).
14
Let b(d) = 2*d - 5*d + 4*d + 4. Suppose -2*u + 5*s + 11 = 0, -14 = -0*u - 5*u - s. What is b(u)?
7
Let x be (-8)/20*-5 - -3. Let y(o) = o - 8. What is y(x)?
-3
Let a(p) = -p - 2. Let j = -3 + -